 greatest common divisor of 4662 and 98?
14
What is the greatest common divisor of 28340 and 109?
109
Calculate the highest common divisor of 243 and 189.
27
Calculate the greatest common divisor of 46 and 253.
23
Calculate the greatest common factor of 6 and 81.
3
Calculate the greatest common factor of 20 and 460.
20
What is the highest common factor of 159 and 4929?
159
What is the greatest common divisor of 1615 and 680?
85
Calculate the highest common divisor of 144 and 792.
72
What is the highest common factor of 1196 and 92?
92
What is the greatest common factor of 8048 and 48?
16
What is the highest common factor of 11203 and 85?
17
Calculate the greatest common factor of 37 and 185.
37
What is the greatest common factor of 4 and 2336?
4
What is the greatest common factor of 35 and 217?
7
What is the highest common divisor of 33 and 517?
11
What is the highest common factor of 12173 and 259?
259
What is the greatest common divisor of 9 and 750?
3
Calculate the greatest common factor of 1242 and 162.
54
Calculate the highest common divisor of 400 and 1700.
100
What is the greatest common divisor of 21 and 192?
3
Calculate the greatest common divisor of 21 and 15.
3
What is the greatest common factor of 282 and 94?
94
What is the greatest common factor of 18166 and 93?
31
Calculate the highest common factor of 52 and 247.
13
What is the greatest common divisor of 1131 and 13?
13
What is the greatest common divisor of 15 and 465?
15
Calculate the greatest common factor of 13 and 13.
13
What is the highest common divisor of 30 and 5415?
15
What is the greatest common divisor of 57 and 133?
19
Calculate the greatest common divisor of 11 and 22.
11
Calculate the greatest common divisor of 7 and 30359.
7
What is the greatest common divisor of 58 and 2146?
58
What is the highest common divisor of 4879 and 7749?
287
What is the highest common factor of 300 and 10?
10
Calculate the highest common divisor of 1424 and 1246.
178
Calculate the highest common divisor of 558 and 36.
18
What is the highest common factor of 3825 and 7225?
425
What is the greatest common divisor of 21 and 1337?
7
What is the highest common divisor of 1269 and 1128?
141
What is the greatest common divisor of 134 and 1541?
67
Calculate the greatest common divisor of 25 and 5.
5
What is the greatest common factor of 1220 and 427?
61
What is the highest common divisor of 20 and 160?
20
What is the greatest common divisor of 5 and 1505?
5
Calculate the highest common factor of 496 and 64.
16
Calculate the greatest common divisor of 1675 and 67.
67
Calculate the highest common factor of 3486 and 42.
42
What is the greatest common factor of 425 and 170?
85
Calculate the greatest common factor of 214 and 963.
107
What is the highest common factor of 508 and 4?
4
What is the highest common divisor of 9 and 27?
9
What is the highest common divisor of 68 and 782?
34
What is the highest common divisor of 408 and 24?
24
Calculate the greatest common factor of 146 and 10.
2
Calculate the greatest common divisor of 704 and 616.
88
Calculate the highest common divisor of 425 and 51.
17
What is the greatest common factor of 8275 and 25?
25
What is the highest common factor of 143 and 11297?
143
Calculate the greatest common factor of 12 and 1332.
12
Calculate the greatest common factor of 45 and 1440.
45
Calculate the highest common divisor of 36 and 972.
36
What is the highest common divisor of 414 and 161?
23
Calculate the highest common divisor of 5405 and 94.
47
Calculate the greatest common factor of 7157 and 17.
17
What is the highest common divisor of 76 and 722?
38
Calculate the greatest common divisor of 5992 and 168.
56
What is the greatest common factor of 50 and 45?
5
Calculate the highest common factor of 2228 and 12.
4
What is the greatest common factor of 744 and 403?
31
Calculate the highest common divisor of 3071 and 592.
37
What is the greatest common factor of 52 and 46176?
52
Calculate the greatest common factor of 194 and 8342.
194
What is the greatest common factor of 117 and 364?
13
What is the highest common factor of 95 and 76?
19
Calculate the highest common factor of 2 and 32.
2
Calculate the greatest common factor of 725 and 50.
25
Calculate the greatest common divisor of 270 and 1530.
90
What is the highest common factor of 210 and 882?
42
What is the greatest common factor of 182 and 390?
26
Calculate the highest common factor of 27 and 261.
9
Calculate the highest common divisor of 406 and 580.
58
Calculate the highest common factor of 3 and 75.
3
What is the highest common factor of 150 and 120?
30
What is the greatest common divisor of 143 and 781?
11
What is the highest common divisor of 213 and 123?
3
What is the highest common divisor of 1025 and 325?
25
Calculate the greatest common factor of 805 and 621.
23
Calculate the greatest common factor of 188 and 1645.
47
What is the highest common divisor of 2849 and 22?
11
Calculate the greatest common factor of 45 and 1680.
15
Calculate the greatest common divisor of 4686 and 66.
66
What is the greatest common divisor of 295 and 45?
5
What is the greatest common divisor of 22 and 451?
11
Calculate the greatest common divisor of 187 and 68.
17
What is the highest common divisor of 4205 and 5?
5
What is the greatest common factor of 1869 and 42?
21
What is the highest common factor of 21 and 35?
7
Calculate the greatest common factor of 96 and 816.
48
What is the greatest common divisor of 148 and 222?
74
What is the highest common factor of 80 and 25?
5
Calculate the highest common factor of 21 and 183.
3
What is the greatest common divisor of 7105 and 87?
29
Calculate the highest common factor of 46 and 196.
2
Calculate the greatest common divisor of 2189 and 22.
11
What is the highest common divisor of 136 and 13192?
136
Calculate the greatest common divisor of 5611 and 31.
31
Calculate the greatest common divisor of 1585 and 5.
5
Calculate the greatest common factor of 476 and 1224.
68
Calculate the greatest common factor of 36 and 1278.
18
Calculate the greatest common divisor of 460 and 115.
115
What is the greatest common divisor of 250 and 50?
50
What is the greatest common factor of 138 and 46?
46
What is the highest common divisor of 15 and 145?
5
What is the greatest common factor of 131 and 1?
1
Calculate the greatest common factor of 146 and 365.
73
Calculate the greatest common factor of 4648 and 24.
8
Calculate the greatest common factor of 17 and 30923.
17
Calculate the highest common factor of 1421 and 29.
29
What is the greatest common factor of 125 and 4000?
125
What is the greatest common divisor of 51 and 2125?
17
Calculate the highest common divisor of 10 and 430.
10
What is the greatest common factor of 1431 and 72?
9
Calculate the highest common divisor of 110024 and 17.
17
What is the greatest common divisor of 81 and 783?
27
Calculate the greatest common divisor of 10887 and 399.
57
What is the greatest common divisor of 91 and 7?
7
What is the highest common factor of 507 and 273?
39
Calculate the highest common factor of 375 and 1050.
75
Calculate the highest common divisor of 39 and 689.
13
What is the greatest common factor of 1200 and 48?
48
What is the greatest common factor of 5252 and 260?
52
What is the greatest common factor of 1564 and 476?
68
Calculate the highest common factor of 650 and 50.
50
What is the greatest common factor of 2070 and 18?
18
Calculate the highest common divisor of 48 and 60.
12
Calculate the highest common divisor of 136 and 51.
17
Calculate the highest common factor of 2540 and 20.
20
Calculate the greatest common divisor of 153 and 4635.
9
What is the highest common divisor of 75 and 2000?
25
What is the greatest common divisor of 266 and 551?
19
Calculate the highest common factor of 21 and 462.
21
Calculate the greatest common divisor of 456 and 2952.
24
Calculate the greatest common factor of 16290 and 45.
45
Calculate the highest common divisor of 12060 and 450.
90
What is the greatest common divisor of 729 and 459?
27
What is the highest common factor of 296 and 111?
37
What is the highest common divisor of 6179 and 668?
167
What is the highest common factor of 3395 and 105?
35
Calculate the highest common divisor of 50 and 1450.
50
Wh